is the ten thousands digit of 1876303?
7
What is the thousands digit of 822874?
2
What is the ten thousands digit of 5282957?
8
What is the hundreds digit of 123453?
4
What is the hundreds digit of 7363684?
6
What is the hundred thousands digit of 240616?
2
What is the hundreds digit of 809950?
9
What is the tens digit of 451866?
6
What is the hundreds digit of 14987252?
2
What is the tens digit of 319201?
0
What is the thousands digit of 8156193?
6
What is the tens digit of 83129?
2
What is the hundred thousands digit of 271686?
2
What is the ten thousands digit of 19782887?
8
What is the hundreds digit of 1036158?
1
What is the ten thousands digit of 12038713?
3
What is the hundred thousands digit of 2912988?
9
What is the hundreds digit of 656216?
2
What is the hundred thousands digit of 1134366?
1
What is the ten thousands digit of 32500?
3
What is the thousands digit of 343819?
3
What is the ten thousands digit of 51452?
5
What is the units digit of 1048660?
0
What is the thousands digit of 1074617?
4
What is the ten thousands digit of 142532?
4
What is the ten thousands digit of 131741?
3
What is the thousands digit of 1348552?
8
What is the ten thousands digit of 422380?
2
What is the hundreds digit of 1123953?
9
What is the ten thousands digit of 3791932?
9
What is the hundreds digit of 1704008?
0
What is the ten thousands digit of 474687?
7
What is the ten thousands digit of 351878?
5
What is the tens digit of 606523?
2
What is the hundred thousands digit of 1578052?
5
What is the tens digit of 11174611?
1
What is the hundred thousands digit of 1399162?
3
What is the units digit of 962769?
9
What is the hundreds digit of 3750068?
0
What is the tens digit of 46197?
9
What is the units digit of 134003?
3
What is the hundreds digit of 7249859?
8
What is the hundred thousands digit of 595944?
5
What is the millions digit of 1858080?
1
What is the thousands digit of 20224?
0
What is the units digit of 192044?
4
What is the units digit of 1954060?
0
What is the tens digit of 18923116?
1
What is the thousands digit of 110973?
0
What is the units digit of 537600?
0
What is the hundred thousands digit of 441637?
4
What is the thousands digit of 9393298?
3
What is the hundreds digit of 10976611?
6
What is the hundred thousands digit of 462276?
4
What is the ten thousands digit of 258335?
5
What is the ten thousands digit of 663942?
6
What is the units digit of 555424?
4
What is the hundreds digit of 4269575?
5
What is the units digit of 371082?
2
What is the hundreds digit of 4125433?
4
What is the ten thousands digit of 5459826?
5
What is the hundred thousands digit of 3126369?
1
What is the millions digit of 1737293?
1
What is the thousands digit of 992450?
2
What is the ten thousands digit of 8861981?
6
What is the thousands digit of 739126?
9
What is the millions digit of 3332519?
3
What is the hundred thousands digit of 737661?
7
What is the ten thousands digit of 4325101?
2
What is the tens digit of 243791?
9
What is the units digit of 860150?
0
What is the thousands digit of 4423338?
3
What is the ten thousands digit of 437058?
3
What is the thousands digit of 69800?
9
What is the hundreds digit of 1740?
7
What is the ten thousands digit of 2559255?
5
What is the hundreds digit of 42581913?
9
What is the ten thousands digit of 32177745?
7
What is the ten thousands digit of 14344691?
4
What is the units digit of 85485?
5
What is the millions digit of 5832885?
5
What is the units digit of 9818142?
2
What is the tens digit of 26453356?
5
What is the hundred thousands digit of 6074365?
0
What is the ten thousands digit of 391810?
9
What is the hundred thousands digit of 140842?
1
What is the thousands digit of 282690?
2
What is the hundred thousands digit of 31190532?
1
What is the units digit of 6113195?
5
What is the tens digit of 98273?
7
What is the hundreds digit of 1503680?
6
What is the units digit of 16102482?
2
What is the ten millions digit of 10730203?
1
What is the hundred thousands digit of 2424315?
4
What is the ten thousands digit of 5365415?
6
What is the ten thousands digit of 112976?
1
What is the hundred thousands digit of 1263327?
2
What is the hundreds digit of 33144?
1
What is the tens digit of 1651261?
6
What is the ten thousands digit of 31362?
3
What is the thousands digit of 362842?
2
What is the hundred thousands digit of 9242087?
2
What is the thousands digit of 1905295?
5
What is the hundred thousands digit of 158094?
1
What is the thousands digit of 507812?
7
What is the thousands digit of 70211?
0
What is the units digit of 195959?
9
What is the ten thousands digit of 11984591?
8
What is the hundreds digit of 508667?
6
What is the tens digit of 22591?
9
What is the hundreds digit of 102469?
4
What is the thousands digit of 6841?
6
What is the hundreds digit of 2795945?
9
What is the thousands digit of 7842830?
2
What is the hundreds digit of 3853451?
4
What is the thousands digit of 11693289?
3
What is the hundred thousands digit of 544777?
5
What is the hundred thousands digit of 446924?
4
What is the tens digit of 3380300?
0
What is the thousands digit of 528287?
8
What is the tens digit of 694282?
8
What is the ten millions digit of 12275521?
1
What is the ten thousands digit of 6355120?
5
What is the ten thousands digit of 103541?
0
What is the tens digit of 90784?
8
What is the hundreds digit of 32763710?
7
What is the hundreds digit of 10744?
7
What is the hundreds digit of 209805?
8
What is the thousands digit of 1385490?
5
What is the hundred thousands digit of 2708794?
7
What is the hundreds digit of 83534?
5
What is the tens digit of 182175?
7
What is the thousands digit of 1578997?
8
What is the units digit of 827296?
6
What is the hundred thousands digit of 583223?
5
What is the hundreds digit of 380559?
5
What is the hundreds digit of 158773?
7
What is the thousands digit of 20622?
0
What is the tens digit of 848365?
6
What is the thousands digit of 8999982?
9
What is the hundred thousands digit of 27540883?
5
What is the units digit of 77300?
0
What is the ten thousands digit of 3046094?
4
What is the millions digit of 19568332?
9
What is the thousands digit of 10378204?
8
What is the hundreds digit of 680695?
6
What is the ten thousands digit of 2207269?
0
What is the millions digit of 4464035?
4
What is the ten thousands digit of 649857?
4
What is the tens digit of 121319?
1
What is the hundreds digit of 846216?
2
What is the hundred thousands digit of 4821164?
8
What is the hundreds digit of 604268?
2
What is the units digit of 154630?
0
What is the tens digit of 4805252?
5
What is the hundred thousands digit of 402378?
4
What is the ten thousands digit of 136471?
3
What is the hundreds digit of 3279555?
5
What is the units digit of 11044259?
9
What is the units digit of 391974?
4
What is the tens digit of 1951931?
3
What is the ten thousands digit of 1999648?
9
What is the ten thousands digit of 146584?
4
What is the units digit of 9514675?
5
What is the millions digit of 4386170?
4
What is the hundreds digit of 183737?
7
What is the millions digit of 18662103?
8
What is the thousands digit of 2356642?
6
What is the thousands digit of 105938?
5
What is the units digit of 35383?
3
What is the thousands digit of 4462?
4
What is the millions digit of 22044168?
2
What is the hundreds digit of 2872669?
6
What is the ten thousands digit of 815193?
1
What is the units digit of 2692?
2
What is the ten thousands digit of 64439?
6
What is the hundreds digit of 177498?
4
What is the thousands digit of 5871631?
1
What is the units digit of 4694957?
7
What is the hundreds digit of 1001793?
7
What is the ten thousands digit of 268120?
6
What is the tens digit of 26817?
1
What is the tens digit of 8058698?
9
What is the thousands digit of 1449156?
9
What is the tens digit of 1187606?
0
What is the units digit of 1575283?
3
What is the units digit of 817375?
5
What is the hundreds digit of 920532?
5
What is the hundred thousands digit of 375625?
3
What is the tens digit of 507631?
3
What is the hundred thousands digit of 778701?
7
What is the hundred thousands digit of 38850362?
8
What is the thousands digit of 10918735?
8
What is the units digit of 1794220?
0
What is the ten thousands digit of 59662?
5
